{"id":44,"date":"2024-06-25T12:22:37","date_gmt":"2024-06-25T12:22:37","guid":{"rendered":"https:\/\/mogmarh.ifzg.hr\/?page_id=44"},"modified":"2025-08-22T12:37:08","modified_gmt":"2025-08-22T12:37:08","slug":"suradnici","status":"publish","type":"page","link":"https:\/\/mogmarh.ifzg.hr\/index.php\/suradnici\/","title":{"rendered":"Suradnici"},"content":{"rendered":"\n<p><a href=\"https:\/\/www.ifzg.hr\/ustroj\/svi_zaposlenici_instituta_za_filozofiju\/segedin-zivotopis\/\" data-type=\"link\" data-id=\"https:\/\/www.ifzg.hr\/djelatnici\/segedin-zivotopis\/\" target=\"_blank\" rel=\"noreferrer noopener\"><strong>dr. sc. Petar \u0160egedin<\/strong><\/a> (voditelj projekta)<br>vi\u0161i znanstveni suradnik, Institut za filozofiju u Zagrebu<\/p>\n\n\n\n<p><a href=\"https:\/\/www.ifzg.hr\/ustroj\/svi_zaposlenici_instituta_za_filozofiju\/dretar-zivotopis\/\" target=\"_blank\" rel=\"noreferrer noopener\"><strong>Tomislav Dretar<\/strong><\/a><br>asistent, Institut za filozofiju u Zagrebu<\/p>\n\n\n\n<p><a href=\"https:\/\/ifzg.academia.edu\/MatthewNini\" target=\"_blank\" rel=\"noreferrer noopener\"><strong>dr. sc. Mathiew Charles Nini<\/strong><\/a><br>znanstveni suradnik, Institut za filozofiju u Zagrebu<\/p>\n\n\n\n<p><a href=\"https:\/\/uni-tuebingen.de\/fakultaeten\/philosophische-fakultaet\/fachbereiche\/philosophie-rhetorik-medien\/philosophisches-seminar\/personen\/weitere-lehrende-und-forschende\/dr-alina-noveanu\/\" data-type=\"link\" data-id=\"https:\/\/uni-tuebingen.de\/fakultaeten\/philosophische-fakultaet\/fachbereiche\/philosophie-rhetorik-medien\/philosophisches-seminar\/personen\/weitere-lehrende-und-forschende\/dr-alina-noveanu\/\" target=\"_blank\" rel=\"noreferrer noopener\"><strong>dr. sc. Alina Noveanu<\/strong><\/a><br>izvanredna profesorica, Eberhard Karls Universit\u00e4t T\u00fcbingen (Njema\u010dka) \/ <a href=\"https:\/\/www.researchgate.net\/institution\/Babes-Bolyai_University?_tp=eyJjb250ZXh0Ijp7ImZpcnN0UGFnZSI6InByb2ZpbGUiLCJwYWdlIjoicHJvZmlsZSJ9fQ\" target=\"_blank\" rel=\"noreferrer noopener\">Babe\u015f-Bolyai University<\/a> Cluj-Napoca (Rumunjska)<\/p>\n\n\n\n<hr class=\"wp-block-separator has-text-color has-base-color has-alpha-channel-opacity has-base-background-color has-background\" style=\"margin-top:var(--wp--preset--spacing--40);margin-bottom:var(--wp--preset--spacing--40)\"\/>\n","protected":false},"excerpt":{"rendered":"<p>dr. sc. Petar \u0160egedin (voditelj projekta)vi\u0161i znanstveni suradnik, Institut za filozofiju u Zagrebu Tomislav Dretarasistent, Institut za filozofiju u Zagrebu dr. sc. Mathiew Charles Niniznanstveni suradnik, Institut za filozofiju u Zagrebu dr. sc. Alina Noveanuizvanredna profesorica, Eberhard Karls Universit\u00e4t T\u00fcbingen (Njema\u010dka) \/ Babe\u015f-Bolyai University Cluj-Napoca (Rumunjska)<\/p>\n","protected":false},"author":2,"featured_media":0,"parent":0,"menu_order":0,"comment_status":"closed","ping_status":"closed","template":"","meta":{"footnotes":""},"class_list":["post-44","page","type-page","status-publish","hentry"],"_links":{"self":[{"href":"https:\/\/mogmarh.ifzg.hr\/index.php\/wp-json\/wp\/v2\/pages\/44","targetHints":{"allow":["GET"]}}],"collection":[{"href":"https:\/\/mogmarh.ifzg.hr\/index.php\/wp-json\/wp\/v2\/pages"}],"about":[{"href":"https:\/\/mogmarh.ifzg.hr\/index.php\/wp-json\/wp\/v2\/types\/page"}],"author":[{"embeddable":true,"href":"https:\/\/mogmarh.ifzg.hr\/index.php\/wp-json\/wp\/v2\/users\/2"}],"replies":[{"embeddable":true,"href":"https:\/\/mogmarh.ifzg.hr\/index.php\/wp-json\/wp\/v2\/comments?post=44"}],"version-history":[{"count":7,"href":"https:\/\/mogmarh.ifzg.hr\/index.php\/wp-json\/wp\/v2\/pages\/44\/revisions"}],"predecessor-version":[{"id":251,"href":"https:\/\/mogmarh.ifzg.hr\/index.php\/wp-json\/wp\/v2\/pages\/44\/revisions\/251"}],"wp:attachment":[{"href":"https:\/\/mogmarh.ifzg.hr\/index.php\/wp-json\/wp\/v2\/media?parent=44"}],"curies":[{"name":"wp","href":"https:\/\/api.w.org\/{rel}","templated":true}]}}