{"id":2,"date":"2024-01-16T15:25:28","date_gmt":"2024-01-16T15:25:28","guid":{"rendered":"https:\/\/mogmarh.ifzg.hr\/?page_id=2"},"modified":"2024-06-26T13:39:26","modified_gmt":"2024-06-26T13:39:26","slug":"o_projektu","status":"publish","type":"page","link":"https:\/\/mogmarh.ifzg.hr\/index.php\/o_projektu\/","title":{"rendered":"O projektu"},"content":{"rendered":"\n<p>U projektu se istra\u017euje pojam mogu\u0107nosti u filozofiranju Martina Heideggera. Doti\u010dni pojam ima u Heideggerovu mi\u0161ljenju jednu od sredi\u0161njih uloga. On le\u017ei u osnovi sredi\u0161njeg pojma njegova glavnoga djela <em>Bitak i vrijeme<\/em>, pojma \u201etubitka\u201c (<em>Dasein<\/em>), koji je tu mjerodavno razumljen kao \u201emo\u0107i-biti\u201c (<em>Seink\u00f6nnen<\/em>), da bi nakon tzv. \u201eokreta\u201c (<em>Kehre<\/em>) \u010dinio misaonu pozadinu Heideggerovih nastojanja oko \u201ebestemeljne\u201c (<em>Ab-Grund<\/em>) zasnovanosti bitka u slobodnom i dopu\u0161taju\u0107em \u201etemelju\u201c (<em>Grund<\/em>) kao \u201ene-temelju\u201c (<em>Un-Grund<\/em>). Svim tim nastojanjima zajedni\u010dko je da mogu\u0107nost ne uzimaju kao zbiljnosti opre\u010dnu modalnu kategoriju u logici ili ontologiji, nego kao svojevrsnu \u201ezbiljsku mogu\u0107nost\u201c, koja kao sloboda u <em>Bitku i vremenu<\/em> biva mi\u0161ljena kao razumska bit tubitka, a u kasnijem Heideggerovu filozofiranju kao o tubitku neovisni, ali bez njega nemogu\u0107 temelj odnosno ne-temelj bitka kao takvog.<\/p>\n\n\n\n<p>Uz ulogu koju ima u Heideggerovu djelu u projektu ce se istra\u017eivati i \u0161iri povijesno-filozofijski okvir pojma mogu\u0107nosti. Taj dio istra\u017eivanja opravdan je karakterom samoga Heideggerova filozofiranja, koje je u cjelini, navlastito pak pri uspostavljanju svojih temeljnih pojmova, odre\u0111eno neprestanim su\u010deljavanjem s nose\u0107im momentima povijesti filozofije. U tom smislu \u0107e se karakter i uloga koju pojam mogu\u0107nosti ima u Heideggerovu mi\u0161ljenju nastojati sagledati s obzirom na na\u010din na koji je, ponekad i pod drugim imenom, on prisutan u Platonovu, Aristotelovu, Kantovu, Schellingovu, Nietzscheovu i Schelerovu filozofiranju.<\/p>\n\n\n\n<p>U znanstveno-istra\u017eiva\u010dkom kontekstu istra\u017eivanje pojma mogu\u0107nosti kao ne-modalne zbiljske mogu\u0107nosti u Heideggerovu mi\u0161ljenju opravdava se \u010dinjenicom da doti\u010dna tema dosad nije bila ekstenzivnije tematizirana, premda, kako \u0107e se nastojati pokazati, \u010dini neprijepornu osnovu sredi\u0161njih Heideggerovih filozofijskih koncepata. U filozofijskom smislu istra\u017eivanje se opravdava pretpostavkom da bi moglo dovesti do uvida koji bi pokazali za\u0161to bi, kako je to vidio sam Heidegger, mi\u0161ljenje oko kojega je on nastojao imalo biti preduvjet svakog imalo doraslijeg misaonog su\u010deljenja s dana\u0161njicom. S obzirom na dva doti\u010dna opravdanja projektnog prijedloga pokazuje se i njegova inovativnost. Ona pripada nastojanju da se tematiziranjem elementa Heideggerova mi\u0161ljenja koji je dosad izmicao uhodanim putanjama recepcije dospije do spoznaje o preduvjetima, karakteru i mogu\u0107nostima jednog druga\u010dijeg opho\u0111enja sa zbiljom.&nbsp;&nbsp;&nbsp;&nbsp;&nbsp;<\/p>\n\n\n\n<p>U metodologijskom smislu istra\u017eivanje \u0107e se odvijati na na\u010din koji je uobi\u010dajen za istra\u017eivanje u filozofiji. On obuhva\u0107a prikupljanje relevantnih tekstova i rad na njima (u okviru mati\u010dne institucije ili u sklopu istra\u017eiva\u010dkih boravaka na drugim institucijama), raspravu rezultata na znanstvenim skupovima, kolokvijima i\/ili (javnim\/gostuju\u0107im) predavanjima, podno\u0161enje daljnjih projektnih prijedloga te objavljivanje postignutih rezultata u obliku znanstvenih knjiga i \u010dlanaka u znanstvenoj periodici i zbornicima sa skupova.<\/p>\n\n\n\n<p class=\"has-text-color has-link-color has-small-font-size wp-elements-21ce17c6fdeced00d65bc31a92bcaaab\" style=\"color:#2376fa\">Istra\u017eiva\u010dki projekt&nbsp;<em>Pojam mogu\u0107nosti u filozofiji Martina Heideggera i \u0161irem povijesnom naslje\u0111u europskoga filozofiranja<\/em> (akronim: MogMarH) provodi se na Institutu za filozofiju u Zagrebu u razdoblju 2024\u20132027., prati ga Ministarstvo znanosti i obrazovanja Republike Hrvatske te se financira sredstvima iz Nacionalnog plana oporavka i otpornosti Europske Unije \u2013 NextGenerationEU.<\/p>\n\n\n\n<hr class=\"wp-block-separator has-text-color has-base-color has-alpha-channel-opacity has-base-background-color has-background\" style=\"margin-top:var(--wp--preset--spacing--40);margin-bottom:var(--wp--preset--spacing--40)\"\/>\n","protected":false},"excerpt":{"rendered":"<p>U projektu se istra\u017euje pojam mogu\u0107nosti u filozofiranju Martina Heideggera. Doti\u010dni pojam ima u Heideggerovu mi\u0161ljenju jednu od sredi\u0161njih uloga. On le\u017ei u osnovi sredi\u0161njeg pojma njegova glavnoga djela Bitak i vrijeme, pojma \u201etubitka\u201c (Dasein), koji je tu mjerodavno razumljen kao \u201emo\u0107i-biti\u201c (Seink\u00f6nnen), da bi nakon tzv. \u201eokreta\u201c (Kehre) \u010dinio misaonu pozadinu Heideggerovih nastojanja oko [&hellip;]<\/p>\n","protected":false},"author":1,"featured_media":0,"parent":0,"menu_order":0,"comment_status":"closed","ping_status":"closed","template":"","meta":{"footnotes":""},"class_list":["post-2","page","type-page","status-publish","hentry"],"_links":{"self":[{"href":"https:\/\/mogmarh.ifzg.hr\/index.php\/wp-json\/wp\/v2\/pages\/2","targetHints":{"allow":["GET"]}}],"collection":[{"href":"https:\/\/mogmarh.ifzg.hr\/index.php\/wp-json\/wp\/v2\/pages"}],"about":[{"href":"https:\/\/mogmarh.ifzg.hr\/index.php\/wp-json\/wp\/v2\/types\/page"}],"author":[{"embeddable":true,"href":"https:\/\/mogmarh.ifzg.hr\/index.php\/wp-json\/wp\/v2\/users\/1"}],"replies":[{"embeddable":true,"href":"https:\/\/mogmarh.ifzg.hr\/index.php\/wp-json\/wp\/v2\/comments?post=2"}],"version-history":[{"count":5,"href":"https:\/\/mogmarh.ifzg.hr\/index.php\/wp-json\/wp\/v2\/pages\/2\/revisions"}],"predecessor-version":[{"id":122,"href":"https:\/\/mogmarh.ifzg.hr\/index.php\/wp-json\/wp\/v2\/pages\/2\/revisions\/122"}],"wp:attachment":[{"href":"https:\/\/mogmarh.ifzg.hr\/index.php\/wp-json\/wp\/v2\/media?parent=2"}],"curies":[{"name":"wp","href":"https:\/\/api.w.org\/{rel}","templated":true}]}}